1))/(6/(-3)). Let z = 2 - -1. Suppose 0 = -r - s, 0*r + 76 = k - z*r. What is the units digit of k?
4
Let w(y) be the third derivative of -5*y**4/8 - 43*y**3/3 - 3*y**2 + 2*y. What is the hundreds digit of w(-15)?
1
Let c = -1520 - -6175. What is the thousands digit of c?
4
Let h = -7570 - -15633. What is the tens digit of h?
6
Let t(x) = 414*x - 4. Let r be t(3). Suppose 6*v + 446 = r. What is the tens digit of v/8*(-16)/(-3)?
8
Let d(r) = -r**3 + 39*r**2 + 43*r + 238. What is the tens digit of d(18)?
1
Let g = 12 - -2. Suppose -10*y + g*y - 12 = 0. Suppose -m + 3*m - 118 = y*q, 118 = 2*m - 2*q. What is the tens digit of m?
5
Let p = 10 + -11. Let l be (15/(-3 - 2))/p. Suppose -k = -2*k - u + 96, 5*u + 256 = l*k. What is the tens digit of k?
9
Let k be (3 + -10)*(-1)/(-1). Let f(l) = -64*l - 28. What is the units digit of f(k)?
0
Let c be 3*(-10)/75*-2545. Let h = c - 590. What is the hundreds digit of h?
4
Let w be (-19236)/147 - 2/14. Let g = w + 166. What is the units digit of g?
5
Suppose 3*u - 8170 - 4458 = q, -4*u + 16848 = -4*q. What is the tens digit of u?
0
Let k(g) = -g**2 - 38*g - 115. Let f be (-4)/6*1173/34. What is the hundreds digit of k(f)?
2
Let i(h) = 389*h + 57. Let z be i(8). Let d = z - 1953. What is the units digit of d?
6
Let b be 4/((1/601)/(-1)). Let u = -1580 - b. What is the hundreds digit of u?
8
Suppose z + 1187 = r - 5718, 3*r = 5*z + 20717. What is the thousands digit of r?
6
Let f(i) = 167*i - 50. Let r(a) = -9*a + 132. Let u be r(14). What is the units digit of f(u)?
2
Let s be (-2)/(-9) - ((-6188)/(-63) + 3). What is the units digit of (6 - 20)/7*s?
2
Let h = 98 - 78. Suppose -5*y = h, -d = 8*y - 3*y + 38. What is the hundreds digit of (-10)/(-60) + (-2751)/d?
1
Let j = 238 - 87. Let m = j - 91. Suppose -50 = -t + m. What is the units digit of t?
0
Let s be -3 - 0 - 13/(-1). Suppose s = 2*b + 4. Suppose 3*q + 2 + 1 = -b*x, x = q + 7. What is the units digit of x?
3
Let s(z) = -39*z - 309. Let i be s(-38). Let y = -882 + i. What is the tens digit of y?
9
Let l(j) = 374*j**3 - 9*j**2 + 43*j + 19. What is the tens digit of l(4)?
8
Let h(a) = -a**2 + 1. Let s(b) = -22*b**3 + 3*b**2 - 6*b + 3. Let y(v) = 2*h(v) - s(v). What is the tens digit of y(3)?
6
What is the tens digit of (2/(-6))/((-1)/6694)*(-3471)/(-178)?
1
Let l be (-8)/(-16) - 1/((-2)/1789). What is the hundreds digit of (-2 - (0 + l/15))*-6?
3
Let c = 2505 + 6992. Suppose 0 = 16*g + c - 38585. What is the tens digit of g?
1
Let z be 1578/(-33) - 4/22. Let m = z + 36. What is the units digit of m/16*(1 + -33)?
4
Let d(m) = -52 - 47 + 4*m**2 - 20*m + 76 + 4*m. What is the hundreds digit of d(-8)?
3
Let k = 219 - 201. Suppose u = 5, k*u = -5*s + 13*u + 2965. What is the hundreds digit of s?
5
Suppose -k - 38 + 46 = 0. Suppose -7*i = -k*i + 442. Suppose -2354 = -8*r - i. What is the tens digit of r?
3
Suppose -3*g = -4*f + 177342, 132990 = 819*f - 816*f - 5*g. What is the ten thousands digit of f?
4
Suppose 4*d = 7*d - 12. Suppose 4*b = y + 8 + 3, -b - 2*y = d. Suppose -38 = -2*n + b. What is the tens digit of n?
2
Let o(z) = 1501*z - 2377. What is the units digit of o(9)?
2
Let b be 173 - -2 - (0 - 4 - 1). What is the units digit of (-24596)/(-30) - (-24)/b?
0
Let v(a) = 2*a**3 - 26*a**2 - 19*a + 9. Let u = 265 - 250. What is the tens digit of v(u)?
2
Let a = -3960 + 4397. What is the tens digit of a?
3
Let r(c) = -c**2 - c + 1. Let h(j) be the first derivative of j**3 + 3*j**2/2 - 24*j + 16. Let q(i) = -h(i) - 4*r(i). What is the units digit of q(-8)?
6
Suppose -4*n + 17 = 49. Let m(h) = h**3 + 7*h**2 - 9*h - 5. Let i be m(n). Let f = i - -2. What is the units digit of f?
5
Let j = -1380 + 3558. Suppose 9*d = 12*d - j. What is the units digit of d?
6
Let o(v) = 75 - 78 + 24 - 6*v. Let l(y) = -2*y**2 - 3*y - 2. Let k be l(-3). What is the tens digit of o(k)?
8
Suppose -291 + 55 = v. Let k be (-4)/4 + 0 + 1 + v. What is the hundreds digit of ((-4)/((-24)/9))/((-3)/k)?
1
Suppose 2*v - 4*o = 1889 + 4797, 0 = -4*v - 5*o + 13424. What is the units digit of v?
1
Suppose -2*l + 5*r + 59804 = 0, 10580 - 40492 = -l + 5*r. What is the ten thousands digit of l?
2
Let j = -15387 + 23324. What is the thousands digit of j?
7
Let s = 6279 + -1629. What is the tens digit of s?
5
Let q(x) = 215*x**3 - 3*x**2 + 411*x - 2373. What is the units digit of q(6)?
5
Let s(d) = -5*d - 2. Let j be s(23). Let p = j + 186. Let c = 125 - p. What is the units digit of c?
6
Suppose -w + 34965 = 5*j, -3*w - j - j = -104960. What is the tens digit of w?
9
Let i(m) = -4*m**3 + 5*m**2 + 3*m - 77. Let j(f) = 1. Let d(w) = -i(w) - 4*j(w). What is the tens digit of d(7)?
7
Let i(c) be the second derivative of -85*c**3/6 + 87*c**2 + 2*c. What is the units digit of i(-7)?
9
Let i(b) be the first derivative of b**3/3 - 15*b**2/2 + 50*b + 22. Let v be i(9). What is the units digit of v*(1 - 2) + 6 + 32?
2
Let v(w) = 0 - 25 - 33*w - 10*w - 11*w. What is the hundreds digit of v(-9)?
4
Let w(d) = 3*d**2 + 64*d - 62. Let c be w(-22). Let z(r) = -52*r + 47. What is the units digit of z(c)?
3
Suppose -2*c = -q - 22544, 4*c = 58*q - 59*q + 45100. What is the hundreds digit of c?
2
Let p(v) = 4*v**3 - 31*v**2 + 25*v - 8. Let n be p(7). Suppose -n*s + 2951 = 211. What is the hundreds digit of s?
1
Let d be (-5)/(-2) - (-1)/2. Suppose 10*b - 11*b - 3*x = -30, -3*b + 2*x = -68. Suppose -y - 10 = -k + 14, -k + b = -d*y. What is the units digit of k?
4
Let j = -29494 - -57831. What is the units digit of j?
7
Let n(y) = 22*y + 13. Let h be 1 + 0 - (-15 + -4)*1. What is the hundreds digit of n(h)?
4
Suppose -p + 3*k = -1581, -122*p = -120*p + 4*k - 3192. What is the tens digit of p?
9
Suppose -5*o + h = 12, 4 = -5*o + 90*h - 93*h. Let s(q) = 230*q**2 + 22*q + 45. What is the units digit of s(o)?
1
Let f = 6658 - 2520. What is the units digit of f?
8
Suppose 28*z = 34*z + 396. What is the tens digit of (-218)/3597 + (-28978)/z?
3
Let j = 493 - 1695. Let d = -149 - j. What is the units digit of d?
3
Let v(f) = 118*f - 3049. What is the tens digit of v(33)?
4
Suppose 4*y + 61 + 23 = 0. Let w = -3 - y. What is the hundreds digit of 3072/w - 2 - (-2)/6?
1
Let b(y) be the second derivative of -y**4/12 - 43*y**3/6 - 63*y**2/2 - 87*y + 1. What is the units digit of b(-26)?
9
Let z = -108 + 128. Suppose 17*u + 6 = z*u, 5*p - 3398 = u. What is the tens digit of p?
8
Let v(m) be the first derivative of -32*m**2 - 91*m - 4. What is the tens digit of v(-7)?
5
Suppose 1512*q = 1529*q - 88791. What is the thousands digit of q?
5
Suppose 477*y = 261*y + 3054240. What is the tens digit of y?
4
Suppose -21*s + 12*s + 36 = 0. Suppose -u = -s*o + 2*u + 374, -268 = -3*o - 4*u. What is the tens digit of o?
9
Let l(v) = 11*v**2 - 12 - 10*v**2 + 6*v**3 + 10 + 4*v. Let n be l(3). Suppose -3*c + 6*c - 6 = 0, 3*c - n = -h. What is the units digit of h?
5
Suppose 8*y - 1236 - 564 = 0. Let p = 659 - y. What is the units digit of p?
4
Suppose -s + 186 = s - 5*u, 350 = 4*s + u. Suppose 5*r - 4*c - 15 = s, 63 = 3*r - 2*c. What is the tens digit of r?
2
Suppose 1321*s - 1323*s - 3*w + 5083 = 0, 5*w + 5075 = 2*s. What is the hundreds digit of s?
5
Suppose 0 = -19*j + 5551 + 50879. Suppose 2*i - 426 - j = 0. What is the hundreds digit of i?
6
Let z(i) = -787*i + 1808. What is the tens digit of z(-16)?
0
Let p = -4267 + 32213. What is the thousands digit of p?
7
Suppose 5*q = 4*n + 17584, 105 = 3*q + 2*n - 10419. What is the units digit of q?
2
Let z(o) = -23*o - 7. Let n be (-16)/(-4)*-1 - 13. What is the tens digit of z(n)?
8
Let u(j) = 674*j**3 - j**2 + 20*j - 41. What is the tens digit of u(2)?
8
Suppose -11*x + 48 = -8*x. Let l(z) = -z**2 + 23*z + 1. Let c be l(x). Suppose f - c = -15. What is the units digit of f?
8
Suppose 22*t - 16*t = 8190. Suppose 6*u - 11*u = -t. What is the tens digit of u?
7
Suppose 32 = 4*r - 0*r + 3*c, 4*c = -4*r + 36. Suppose 4*z = -4*d + 312, r*d - 399 = 4*z - 6*z. Let t = d + -41. What is the tens digit of t?
4
Let m(j) be the third derivative of -43*j**5/60 + j**4/6 + 20*j**3/3 - 37*j**2. Let d(l) be the first derivative of m(l). What is the tens digit of d(-2)?
7
Let d(o) = 35*o**2 - 152*o - 7. Let z(c) = -36*c**2 + 151*c + 10. Let x(r) = 4*d(r) + 3*z(r). What is the thousands digit of x(9)?
1
Let h be -5*